{"id":13639,"date":"2021-09-22T13:29:10","date_gmt":"2021-09-22T12:29:10","guid":{"rendered":"https:\/\/www.aegis.at\/wordpress\/?post_type=product&#038;p=13639"},"modified":"2021-09-22T13:32:45","modified_gmt":"2021-09-22T12:32:45","slug":"lasst-die-kinder-in-ruhe","status":"publish","type":"product","link":"https:\/\/www.aegis.at\/wordpress\/shop\/buecher\/lasst-die-kinder-in-ruhe\/","title":{"rendered":"Lasst die Kinder in Ruhe"},"content":{"rendered":"<p>Selbstbestimmt zum Familiengl\u00fcck: Kinder st\u00e4rken statt \u00fcberfordern<\/p>\n<p><b>Klappentext:<\/b><\/p>\n<p>Das Leben mit Kindern ist oft paradox: wir lieben sie so sehr und doch rauben sie uns manchmal den letzten Nerv. Wir bem\u00fchen uns, wir machen uns Sorgen, wir versuchen zu helfen und ernten daf\u00fcr oft nur Stress und Streit. Ein entspanntes Familienleben mit starken, selbstbewussten Kindern ist m\u00f6glich, nur m\u00fcssen wir uns da vielleicht um ganz andere Dinge k\u00fcmmern als urspr\u00fcnglich gedacht. Humorvoll und gleichzeitig tiefgr\u00fcndig erkl\u00e4rt die Autorin, was unsere eigene Geschichte mit den Problemen im Familienalltag zu tun hat und wie sich trotz all dem Chaos rundherum das Familiengl\u00fcck einstellen kann.<\/p>\n","protected":false},"excerpt":{"rendered":"<div class=\"label\">\n<div><strong>Details<\/strong><\/div>\n<\/div>\n<div class=\"biblioId\"><span class=\"key\">ISBN\/EAN<\/span><span class=\"value\">978-3-96966-482-7<\/span><\/div>\n<div class=\"biblioBinding\"><span class=\"key\">Einbandart: <\/span><span class=\"value\">Gebunden<\/span><\/div>\n<div class=\"biblioFormatDetail\"><\/div>\n<div class=\"biblioPublishingYear\"><span class=\"key\">Erscheinungsjahr:<\/span><span class=\"value\">2021<\/span><\/div>\n<div class=\"biblioPublishingDate\"><span class=\"key\">Erscheinungsdatum: <\/span><span class=\"value\">12.03.2021<\/span><\/div>\n<div class=\"biblioPages\"><span class=\"key\">Seiten: <\/span><span class=\"value\">227 Seiten<\/span><\/div>\n","protected":false},"featured_media":13640,"template":"","meta":[],"product_brand":[],"product_cat":[44],"product_tag":[],"class_list":["post-13639","product","type-product","status-publish","has-post-thumbnail","product_cat-buecher","first","instock","featured","shipping-taxable","purchasable","product-type-simple"],"_links":{"self":[{"href":"https:\/\/www.aegis.at\/wordpress\/wp-json\/wp\/v2\/product\/13639","targetHints":{"allow":["GET"]}}],"collection":[{"href":"https:\/\/www.aegis.at\/wordpress\/wp-json\/wp\/v2\/product"}],"about":[{"href":"https:\/\/www.aegis.at\/wordpress\/wp-json\/wp\/v2\/types\/product"}],"wp:featuredmedia":[{"embeddable":true,"href":"https:\/\/www.aegis.at\/wordpress\/wp-json\/wp\/v2\/media\/13640"}],"wp:attachment":[{"href":"https:\/\/www.aegis.at\/wordpress\/wp-json\/wp\/v2\/media?parent=13639"}],"wp:term":[{"taxonomy":"product_brand","embeddable":true,"href":"https:\/\/www.aegis.at\/wordpress\/wp-json\/wp\/v2\/product_brand?post=13639"},{"taxonomy":"product_cat","embeddable":true,"href":"https:\/\/www.aegis.at\/wordpress\/wp-json\/wp\/v2\/product_cat?post=13639"},{"taxonomy":"product_tag","embeddable":true,"href":"https:\/\/www.aegis.at\/wordpress\/wp-json\/wp\/v2\/product_tag?post=13639"}],"curies":[{"name":"wp","href":"https:\/\/api.w.org\/{rel}","templated":true}]}}

<p>Selbstbestimmt zum Familienglück: Kinder stärken statt überfordern</p>
<p><b>Klappentext:</b></p>
<p>Das Leben mit Kindern ist oft paradox: wir lieben sie so sehr und doch rauben sie uns manchmal den letzten Nerv. Wir bemühen uns, wir machen uns Sorgen, wir versuchen zu helfen und ernten dafür oft nur Stress und Streit. Ein entspanntes Familienleben mit starken, selbstbewussten Kindern ist möglich, nur müssen wir uns da vielleicht um ganz andere Dinge kümmern als ursprünglich gedacht. Humorvoll und gleichzeitig tiefgründig erklärt die Autorin, was unsere eigene Geschichte mit den Problemen im Familienalltag zu tun hat und wie sich trotz all dem Chaos rundherum das Familienglück einstellen kann.</p>
