{"id":14412,"date":"2025-10-08T09:29:26","date_gmt":"2025-10-08T08:29:26","guid":{"rendered":"https:\/\/www.aegis.at\/wordpress\/?post_type=product&#038;p=14412"},"modified":"2025-10-08T09:31:45","modified_gmt":"2025-10-08T08:31:45","slug":"impuls-39-40-q34-25-doppelnummer","status":"publish","type":"product","link":"https:\/\/www.aegis.at\/wordpress\/shop\/aegis-impuls\/impuls-39-40-q34-25-doppelnummer\/","title":{"rendered":"Impuls 39\/40 Q3+4\/25 DOPPELNUMMER"},"content":{"rendered":"<p><strong>Inhaltverzeichnis<\/strong><\/p>\n<ul>\n<li>\n<p class=\"p1\">Editorial<\/p>\n<\/li>\n<li>\n<p class=\"p1\">Impfkomplikationen<\/p>\n<\/li>\n<li>\n<p class=\"p1\">Impf-Studie: So zerst\u00f6rt sich unser K\u00f6rper selbst<\/p>\n<\/li>\n<li>\n<p class=\"p1\">RNA-\u201eImpfstoffe&#8220; in Ihrer Nahrung<\/p>\n<\/li>\n<li>\n<p class=\"p1\">Die Pharma-Advokaten<\/p>\n<\/li>\n<li>\n<p class=\"p1\">Demenz &#8211; Medikament\u00f6ses Vergessen<\/p>\n<\/li>\n<li>\n<p class=\"p1\">Unbequeme Wahrheiten \u00fcber die Schulmedizin Dystopie braucht umfassende Indoktrination<\/p>\n<\/li>\n<li>\n<p class=\"p1\">Spiez &#8211; wo die WHO die n\u00e4chste Pandemie probt<\/p>\n<\/li>\n<li>\n<p class=\"p1\">Corona &gt; Massenerkrankungen dsRNA-Pestizide auf Kartoffeln und Weintrauben<\/p>\n<\/li>\n<li>\n<p class=\"p1\">Unser Mikrobiom<\/p>\n<\/li>\n<li>\n<p class=\"p1\">Vereinnahmte Wissenschaft &#8211; Der gro\u00dfe Schwindel um Bluthochdruck<\/p>\n<\/li>\n<li>\n<p class=\"p1\">Die Wahrheitsmonopolisten<\/p>\n<\/li>\n<li>\n<p class=\"p1\">Die M\u00e4r vom nat\u00fcrlichen Toa Glauben oder selbst denken?<\/p>\n<\/li>\n<li>\n<p class=\"p1\">Glaubens- und Wahrheitsillusion<\/p>\n<\/li>\n<li>\n<p class=\"p1\">Weinsteins Warnung: Wahrheitszerst\u00f6rung Ist der Klimaschutz die neue Weltreligion?<\/p>\n<\/li>\n<li>\n<p class=\"p1\">BlackRock \u00fcbernimmt das WEF<\/p>\n<\/li>\n<li>\n<p class=\"p1\">Das k\u00f6lsche Grundgesetz<\/p>\n<\/li>\n<li>\n<p class=\"p1\">Ernest Hemingway \u00fcber aktives Zuh\u00f6ren<\/p>\n<\/li>\n<li>\n<p class=\"p1\">Gute Kommunikation &#8211; gute Beziehungen &#8211; Prof. Rainer Mausfeld \u00fcber Manipulation Uber die Schwierigkeit, sich zu ver\u00e4ndern Wahrheit und L\u00fcge<\/p>\n<\/li>\n<li>\n<p class=\"p1\">Betrug unter Missbrauch von Wissenschaft<\/p>\n<\/li>\n<li>\n<p class=\"p1\">Mut zur eigenen Stimme<\/p>\n<\/li>\n<li>\n<p class=\"p1\">Lachen, die beste und billigste Medizin &#8211; Teil 4<\/p>\n<\/li>\n<\/ul>\n","protected":false},"excerpt":{"rendered":"<p>Inhaltverzeichnis Editorial Impfkomplikationen Impf-Studie: So zerst\u00f6rt sich unser K\u00f6rper selbst RNA-\u201eImpfstoffe&#8220; in Ihrer Nahrung Die Pharma-Advokaten Demenz &#8211; Medikament\u00f6ses Vergessen Unbequeme Wahrheiten \u00fcber die Schulmedizin Dystopie braucht umfassende Indoktrination Spiez &#8211; wo die WHO die n\u00e4chste Pandemie probt Corona &gt; Massenerkrankungen dsRNA-Pestizide auf Kartoffeln und Weintrauben Unser Mikrobiom Vereinnahmte Wissenschaft &#8211; Der gro\u00dfe Schwindel um Bluthochdruck Die Wahrheitsmonopolisten Die M\u00e4r vom nat\u00fcrlichen Toa Glauben oder selbst denken? Glaubens- und Wahrheitsillusion Weinsteins Warnung: Wahrheitszerst\u00f6rung Ist der Klimaschutz die neue Weltreligion? BlackRock \u00fcbernimmt das WEF Das k\u00f6lsche Grundgesetz Ernest Hemingway \u00fcber aktives Zuh\u00f6ren Gute Kommunikation &#8211; gute Beziehungen &#8211; Prof. Rainer Mausfeld \u00fcber Manipulation Uber die Schwierigkeit, sich zu ver\u00e4ndern Wahrheit und L\u00fcge Betrug unter Missbrauch von Wissenschaft Mut zur eigenen Stimme Lachen, die beste und billigste Medizin &#8211; Teil 4<\/p>\n","protected":false},"featured_media":14413,"template":"","meta":[],"product_brand":[],"product_cat":[46],"product_tag":[],"class_list":{"0":"post-14412","1":"product","2":"type-product","3":"status-publish","4":"has-post-thumbnail","6":"product_cat-aegis-impuls","7":"product_shipping_class-heft","9":"first","10":"instock","11":"featured","12":"shipping-taxable","13":"purchasable","14":"product-type-simple"},"_links":{"self":[{"href":"https:\/\/www.aegis.at\/wordpress\/wp-json\/wp\/v2\/product\/14412","targetHints":{"allow":["GET"]}}],"collection":[{"href":"https:\/\/www.aegis.at\/wordpress\/wp-json\/wp\/v2\/product"}],"about":[{"href":"https:\/\/www.aegis.at\/wordpress\/wp-json\/wp\/v2\/types\/product"}],"wp:featuredmedia":[{"embeddable":true,"href":"https:\/\/www.aegis.at\/wordpress\/wp-json\/wp\/v2\/media\/14413"}],"wp:attachment":[{"href":"https:\/\/www.aegis.at\/wordpress\/wp-json\/wp\/v2\/media?parent=14412"}],"wp:term":[{"taxonomy":"product_brand","embeddable":true,"href":"https:\/\/www.aegis.at\/wordpress\/wp-json\/wp\/v2\/product_brand?post=14412"},{"taxonomy":"product_cat","embeddable":true,"href":"https:\/\/www.aegis.at\/wordpress\/wp-json\/wp\/v2\/product_cat?post=14412"},{"taxonomy":"product_tag","embeddable":true,"href":"https:\/\/www.aegis.at\/wordpress\/wp-json\/wp\/v2\/product_tag?post=14412"}],"curies":[{"name":"wp","href":"https:\/\/api.w.org\/{rel}","templated":true}]}}