{"id":12765,"date":"2019-05-15T08:48:50","date_gmt":"2019-05-15T07:48:50","guid":{"rendered":"https:\/\/www.aegis.at\/wordpress\/?post_type=tribe_events&#038;p=10140"},"modified":"2020-06-16T09:01:29","modified_gmt":"2020-06-16T08:01:29","slug":"impfen-pro-und-contra-entscheidungshilfe","status":"publish","type":"tribe_events","link":"https:\/\/www.aegis.at\/wordpress\/event\/impfen-pro-und-contra-entscheidungshilfe\/","title":{"rendered":"Impfen pro und contra &#8211; Entscheidungshilfe"},"content":{"rendered":"<p style=\"text-align: center;\">\u00a0E I N L A D U N G<\/p>\n<p style=\"text-align: center;\"><strong>Mittwoch, 17.6.2020\u00a0\u00a0\u00a0 19 Uhr<\/strong><\/p>\n<p>&nbsp;<\/p>\n<p><strong>\u00a0<\/strong><strong>INHALT: <\/strong><\/p>\n<p><strong>PROS UND CONS UND WISSENSWERTES ZUM THEMA IMPFEN<\/strong><\/p>\n<ul>\n<li>Inhaltsstoffe von Impfungen<\/li>\n<li>M\u00f6gliche Nebenwirkungen<\/li>\n<li>Die rechtliche Situation in fast allen L\u00e4ndern der Welt<\/li>\n<li>Hintergr\u00fcnde<\/li>\n<li>Was sagt der Vatikan?<\/li>\n<li>Was sagen andere Religionen zu diesem Thema?<\/li>\n<li>Und nun: was tun?<\/li>\n<\/ul>\n<p><strong>ORT:<\/strong><br \/>\nBei Dr. Oskar DEMMER in den Wahrnehmungsr\u00e4umen<br \/>\nWESTBAHNSTRASSE 56-58, 1070 Wien<\/p>\n<p><strong>VORTRAGENDE:<\/strong><br \/>\nMag. Claudia Millwisch,<br \/>\nehemals Co-Vorsitzende von EFVV ( <a href=\"http:\/\/www.efvv.eu\">www.efvv.eu<\/a> ), EUROPEAN FORUM FOR VACCINE VIGILANCE &#8211; Petition <a href=\"http:\/\/www.change.org\/p\/europaparlament-europ\u00e4ische-komission-europarat-respekt-f\u00f6rderung-und-individuelle-wahl-bei-impfungen-nach-information-und-zustimmung\">www.change.org\/p\/europaparlament-europ\u00e4ische-komission-europarat-respekt-f\u00f6rderung-und-individuelle-wahl-bei-impfungen-nach-information-und-zustimmung<\/a>, 333.555 Unterschriften), Mitglied bei AEGIS \u00a0(<a href=\"http:\/\/www.aegis.at\">www.aegis.at<\/a>),<br \/>\nlebenserfahrende \u00dcbersetzerin, Dolmetsch, Sprachtrainerin , Rutengeherin<\/p>\n<p>Spendenbeitrag erbeten ab \u20ac 10.00<\/p>\n","protected":false},"excerpt":{"rendered":"<p>\u00a0E I N L A D U N G Mittwoch, 17.6.2020\u00a0\u00a0\u00a0 19 Uhr &nbsp; \u00a0INHALT: PROS UND CONS UND WISSENSWERTES ZUM THEMA IMPFEN Inhaltsstoffe von Impfungen M\u00f6gliche Nebenwirkungen Die rechtliche Situation in fast allen L\u00e4ndern der Welt Hintergr\u00fcnde Was sagt der Vatikan? Was sagen andere Religionen zu diesem Thema? Und nun: was tun? ORT: Bei Dr. Oskar DEMMER in den Wahrnehmungsr\u00e4umen WESTBAHNSTRASSE 56-58, 1070 Wien VORTRAGENDE: Mag. Claudia Millwisch, ehemals Co-Vorsitzende von EFVV ( www.efvv.eu ), EUROPEAN FORUM FOR VACCINE VIGILANCE &#8211; Petition www.change.org\/p\/europaparlament-europ\u00e4ische-komission-europarat-respekt-f\u00f6rderung-und-individuelle-wahl-bei-impfungen-nach-information-und-zustimmung, 333.555 Unterschriften), Mitglied bei AEGIS \u00a0(www.aegis.at), lebenserfahrende \u00dcbersetzerin, Dolmetsch, Sprachtrainerin , Rutengeherin Spendenbeitrag erbeten ab \u20ac 10.00<\/p>\n","protected":false},"author":1002621,"featured_media":0,"template":"","meta":{"_tribe_events_status":"","_tribe_events_status_reason":"","footnotes":""},"tags":[],"tribe_events_cat":[325],"class_list":["post-12765","tribe_events","type-tribe_events","status-publish","hentry","tribe_events_cat-vortrag","cat_vortrag"],"_links":{"self":[{"href":"https:\/\/www.aegis.at\/wordpress\/wp-json\/wp\/v2\/tribe_events\/12765","targetHints":{"allow":["GET"]}}],"collection":[{"href":"https:\/\/www.aegis.at\/wordpress\/wp-json\/wp\/v2\/tribe_events"}],"about":[{"href":"https:\/\/www.aegis.at\/wordpress\/wp-json\/wp\/v2\/types\/tribe_events"}],"author":[{"embeddable":true,"href":"https:\/\/www.aegis.at\/wordpress\/wp-json\/wp\/v2\/users\/1002621"}],"version-history":[{"count":0,"href":"https:\/\/www.aegis.at\/wordpress\/wp-json\/wp\/v2\/tribe_events\/12765\/revisions"}],"wp:attachment":[{"href":"https:\/\/www.aegis.at\/wordpress\/wp-json\/wp\/v2\/media?parent=12765"}],"wp:term":[{"taxonomy":"post_tag","embeddable":true,"href":"https:\/\/www.aegis.at\/wordpress\/wp-json\/wp\/v2\/tags?post=12765"},{"taxonomy":"tribe_events_cat","embeddable":true,"href":"https:\/\/www.aegis.at\/wordpress\/wp-json\/wp\/v2\/tribe_events_cat?post=12765"}],"curies":[{"name":"wp","href":"https:\/\/api.w.org\/{rel}","templated":true}]}}

<p style="text-align: center;"> E I N L A D U N G</p>
<p style="text-align: center;"><strong>Mittwoch, 17.6.2020    19 Uhr</strong></p>
<p>&nbsp;</p>
<p><strong> </strong><strong>INHALT: </strong></p>
<p><strong>PROS UND CONS UND WISSENSWERTES ZUM THEMA IMPFEN</strong></p>
<ul>
<li>Inhaltsstoffe von Impfungen</li>
<li>Mögliche Nebenwirkungen</li>
<li>Die rechtliche Situation in fast allen Ländern der Welt</li>
<li>Hintergründe</li>
<li>Was sagt der Vatikan?</li>
<li>Was sagen andere Religionen zu diesem Thema?</li>
<li>Und nun: was tun?</li>
</ul>
<p><strong>ORT:</strong><br />
Bei Dr. Oskar DEMMER in den Wahrnehmungsräumen<br />
WESTBAHNSTRASSE 56-58, 1070 Wien</p>
<p><strong>VORTRAGENDE:</strong><br />
Mag. Claudia Millwisch,<br />
ehemals Co-Vorsitzende von EFVV ( <a href="http://www.efvv.eu">www.efvv.eu</a> ), EUROPEAN FORUM FOR VACCINE VIGILANCE &#8211; Petition <a href="http://www.change.org/p/europaparlament-europäische-komission-europarat-respekt-förderung-und-individuelle-wahl-bei-impfungen-nach-information-und-zustimmung">www.change.org/p/europaparlament-europäische-komission-europarat-respekt-förderung-und-individuelle-wahl-bei-impfungen-nach-information-und-zustimmung</a>, 333.555 Unterschriften), Mitglied bei AEGIS  (<a href="http://www.aegis.at">www.aegis.at</a>),<br />
lebenserfahrende Übersetzerin, Dolmetsch, Sprachtrainerin , Rutengeherin</p>
<p>Spendenbeitrag erbeten ab € 10.00</p>

<p> E I N L A D U N G Mittwoch, 17.6.2020    19 Uhr &nbsp;  INHALT: PROS UND CONS UND WISSENSWERTES ZUM THEMA IMPFEN Inhaltsstoffe von Impfungen Mögliche Nebenwirkungen Die rechtliche Situation in fast allen Ländern der Welt Hintergründe Was sagt der Vatikan? Was sagen andere Religionen zu diesem Thema? Und nun: was tun? ORT: Bei Dr. Oskar DEMMER in den Wahrnehmungsräumen WESTBAHNSTRASSE 56-58, 1070 Wien VORTRAGENDE: Mag. Claudia Millwisch, ehemals Co-Vorsitzende von EFVV ( www.efvv.eu ), EUROPEAN FORUM FOR VACCINE VIGILANCE &#8211; Petition www.change.org/p/europaparlament-europäische-komission-europarat-respekt-förderung-und-individuelle-wahl-bei-impfungen-nach-information-und-zustimmung, 333.555 Unterschriften), Mitglied bei AEGIS  (www.aegis.at), lebenserfahrende Übersetzerin, Dolmetsch, Sprachtrainerin , Rutengeherin Spendenbeitrag erbeten ab € 10.00</p>
