{"id":12931,"date":"2019-05-15T08:48:50","date_gmt":"2019-05-15T07:48:50","guid":{"rendered":"https:\/\/www.aegis.at\/wordpress\/?post_type=tribe_events&#038;p=10140"},"modified":"2020-05-27T15:13:00","modified_gmt":"2020-05-27T14:13:00","slug":"friedlichen-demo-fuer-selbstbestimmung-und-menschenrechte-linz","status":"publish","type":"tribe_events","link":"https:\/\/www.aegis.at\/wordpress\/event\/friedlichen-demo-fuer-selbstbestimmung-und-menschenrechte-linz\/","title":{"rendered":"Hinweis auf eine friedliche DEMO f\u00fcr Selbstbestimmung und Menschenrechte &#8211; LINZ"},"content":{"rendered":"<p style=\"text-align: center;\"><strong><span style=\"font-size: 12pt;\">Willst du weiterhin in einem demokratischen Rechtsstaat leben, in<\/span><\/strong><br \/>\n<strong><span style=\"font-size: 12pt;\">dem Menschenrechte eingehalten werden und Menschlichkeit z\u00e4hlt?<\/span><\/strong><\/p>\n<blockquote>\n<p style=\"text-align: center;\"><strong><span style=\"font-size: 12pt;\">Einladung zu einer friedlichen DEMO<\/span><\/strong><br \/>\n<strong><span style=\"font-size: 12pt;\">f\u00fcr Selbstbestimmung und Menschenrechte<\/span><\/strong><br \/>\n<strong><span style=\"font-size: 12pt;\">am 30.05.2020 um 14:00 Uhr<\/span><\/strong><br \/>\n<strong><span style=\"font-size: 12pt;\">am Hauptplatz<\/span><\/strong><\/p>\n<p style=\"text-align: center;\">\n<\/blockquote>\n<p style=\"text-align: center;\">Dabei soll auf die problematischen Auswirkungen der Corona-Verordnungen und<br \/>\nauf \u00c4ngste und Sorgen der Menschen in \u00d6sterreich aufmerksam gemacht werden.<\/p>\n<p style=\"text-align: center;\"><strong><span style=\"font-size: 12pt;\"><span style=\"color: #ff0000;\">Treffpunkt:<\/span> Hauptplatz<\/span><\/strong><\/p>\n<p style=\"text-align: center;\">Nehmt bitte positive Transparente und Musikinstrumente mit oder was Euch wichtig ist.<\/p>\n<p style=\"text-align: center;\">(Eine Maske auf der Stra\u00dfe ist nicht mehr Pflicht!)<\/p>\n<p style=\"text-align: center;\">Haltet bitte den geforderten 1 m Abstand zu den Menschen ein,<br \/>\ndie nicht im gemeinsamen Haushalt leben.<\/p>\n<blockquote>\n<h2 style=\"text-align: center;\">Die Wahrheit macht frei. Es lohnt sich, angegriffen und bek\u00e4mpft zu werden, um nicht l\u00fcgen zu m\u00fcssen.<\/h2>\n<p style=\"text-align: center;\">Die Halbwahrheiten und L\u00fcgen sind der schlechteste Dienst, den wir n\u00e4chsten Generationen erweisen k\u00f6nnen. M.Gutl<\/p>\n<\/blockquote>\n","protected":false},"excerpt":{"rendered":"<p>Willst du weiterhin in einem demokratischen Rechtsstaat leben, in dem Menschenrechte eingehalten werden und Menschlichkeit z\u00e4hlt? Einladung zu einer friedlichen DEMO f\u00fcr Selbstbestimmung und Menschenrechte am 30.05.2020 um 14:00 Uhr am Hauptplatz Dabei soll auf die problematischen Auswirkungen der Corona-Verordnungen und auf \u00c4ngste und Sorgen der Menschen in \u00d6sterreich aufmerksam gemacht werden. Treffpunkt: Hauptplatz Nehmt bitte positive Transparente und Musikinstrumente mit oder was Euch wichtig ist. (Eine Maske auf der Stra\u00dfe ist nicht mehr Pflicht!) Haltet bitte den geforderten 1 m Abstand zu den Menschen ein, die nicht im gemeinsamen Haushalt leben. Die Wahrheit macht frei. Es lohnt sich, angegriffen und bek\u00e4mpft zu werden, um nicht l\u00fcgen zu m\u00fcssen. Die Halbwahrheiten und L\u00fcgen sind der schlechteste Dienst, den wir n\u00e4chsten Generationen erweisen k\u00f6nnen. M.Gutl<\/p>\n","protected":false},"author":1002621,"featured_media":0,"template":"","meta":{"_tribe_events_status":"","_tribe_events_status_reason":"","footnotes":""},"tags":[],"tribe_events_cat":[325],"class_list":["post-12931","tribe_events","type-tribe_events","status-publish","hentry","tribe_events_cat-vortrag","cat_vortrag"],"_links":{"self":[{"href":"https:\/\/www.aegis.at\/wordpress\/wp-json\/wp\/v2\/tribe_events\/12931","targetHints":{"allow":["GET"]}}],"collection":[{"href":"https:\/\/www.aegis.at\/wordpress\/wp-json\/wp\/v2\/tribe_events"}],"about":[{"href":"https:\/\/www.aegis.at\/wordpress\/wp-json\/wp\/v2\/types\/tribe_events"}],"author":[{"embeddable":true,"href":"https:\/\/www.aegis.at\/wordpress\/wp-json\/wp\/v2\/users\/1002621"}],"version-history":[{"count":0,"href":"https:\/\/www.aegis.at\/wordpress\/wp-json\/wp\/v2\/tribe_events\/12931\/revisions"}],"wp:attachment":[{"href":"https:\/\/www.aegis.at\/wordpress\/wp-json\/wp\/v2\/media?parent=12931"}],"wp:term":[{"taxonomy":"post_tag","embeddable":true,"href":"https:\/\/www.aegis.at\/wordpress\/wp-json\/wp\/v2\/tags?post=12931"},{"taxonomy":"tribe_events_cat","embeddable":true,"href":"https:\/\/www.aegis.at\/wordpress\/wp-json\/wp\/v2\/tribe_events_cat?post=12931"}],"curies":[{"name":"wp","href":"https:\/\/api.w.org\/{rel}","templated":true}]}}

Hinweis auf eine friedliche DEMO für Selbstbestimmung und Menschenrechte &#8211; LINZ

<p style="text-align: center;"><strong><span style="font-size: 12pt;">Willst du weiterhin in einem demokratischen Rechtsstaat leben, in</span></strong><br />
<strong><span style="font-size: 12pt;">dem Menschenrechte eingehalten werden und Menschlichkeit zählt?</span></strong></p>
<blockquote>
<p style="text-align: center;"><strong><span style="font-size: 12pt;">Einladung zu einer friedlichen DEMO</span></strong><br />
<strong><span style="font-size: 12pt;">für Selbstbestimmung und Menschenrechte</span></strong><br />
<strong><span style="font-size: 12pt;">am 30.05.2020 um 14:00 Uhr</span></strong><br />
<strong><span style="font-size: 12pt;">am Hauptplatz</span></strong></p>
<p style="text-align: center;">
</blockquote>
<p style="text-align: center;">Dabei soll auf die problematischen Auswirkungen der Corona-Verordnungen und<br />
auf Ängste und Sorgen der Menschen in Österreich aufmerksam gemacht werden.</p>
<p style="text-align: center;"><strong><span style="font-size: 12pt;"><span style="color: #ff0000;">Treffpunkt:</span> Hauptplatz</span></strong></p>
<p style="text-align: center;">Nehmt bitte positive Transparente und Musikinstrumente mit oder was Euch wichtig ist.</p>
<p style="text-align: center;">(Eine Maske auf der Straße ist nicht mehr Pflicht!)</p>
<p style="text-align: center;">Haltet bitte den geforderten 1 m Abstand zu den Menschen ein,<br />
die nicht im gemeinsamen Haushalt leben.</p>
<blockquote>
<h2 style="text-align: center;">Die Wahrheit macht frei. Es lohnt sich, angegriffen und bekämpft zu werden, um nicht lügen zu müssen.</h2>
<p style="text-align: center;">Die Halbwahrheiten und Lügen sind der schlechteste Dienst, den wir nächsten Generationen erweisen können. M.Gutl</p>
</blockquote>

<p>Willst du weiterhin in einem demokratischen Rechtsstaat leben, in dem Menschenrechte eingehalten werden und Menschlichkeit zählt? Einladung zu einer friedlichen DEMO für Selbstbestimmung und Menschenrechte am 30.05.2020 um 14:00 Uhr am Hauptplatz Dabei soll auf die problematischen Auswirkungen der Corona-Verordnungen und auf Ängste und Sorgen der Menschen in Österreich aufmerksam gemacht werden. Treffpunkt: Hauptplatz Nehmt bitte positive Transparente und Musikinstrumente mit oder was Euch wichtig ist. (Eine Maske auf der Straße ist nicht mehr Pflicht!) Haltet bitte den geforderten 1 m Abstand zu den Menschen ein, die nicht im gemeinsamen Haushalt leben. Die Wahrheit macht frei. Es lohnt sich, angegriffen und bekämpft zu werden, um nicht lügen zu müssen. Die Halbwahrheiten und Lügen sind der schlechteste Dienst, den wir nächsten Generationen erweisen können. M.Gutl</p>
