{"id":12957,"date":"2019-05-15T08:48:50","date_gmt":"2019-05-15T07:48:50","guid":{"rendered":"https:\/\/www.aegis.at\/wordpress\/?post_type=tribe_events&#038;p=10140"},"modified":"2020-06-04T10:15:32","modified_gmt":"2020-06-04T09:15:32","slug":"demo-wien-selbstbestimmung-und-freiheit-der-oesterreichischen-grundrechte","status":"publish","type":"tribe_events","link":"https:\/\/www.aegis.at\/wordpress\/event\/demo-wien-selbstbestimmung-und-freiheit-der-oesterreichischen-grundrechte\/","title":{"rendered":"Hinweis auf eine DEMO in WIEN &#8211; Selbstbestimmung und Freiheit der \u00f6sterreichischen Grundrechte"},"content":{"rendered":"<h1 style=\"text-align: center;\">Leben Lieben Lachen f\u00fcr uns und unsere Kinder<\/h1>\n<p style=\"text-align: center;\"><strong><span style=\"font-size: 12pt;\">Einladung zu einer DEMO<br \/>\n<\/span><\/strong><strong><span style=\"font-size: 12pt;\">f\u00fcr Selbstbestimmung und Freiheit der \u00f6sterreichischen Grundrechte<\/span><\/strong><\/p>\n<p style=\"text-align: center;\"><strong><span style=\"font-size: 12pt;\">am 06.06.2020 um 14:00 &#8211; 17:00 Uhr<\/span><\/strong><br \/>\n<strong><span style=\"font-size: 12pt;\">am Josefplatz<\/span><\/strong><\/p>\n<p style=\"text-align: center;\"><span style=\"color: #ff0000;\">HOCHINTERESSANTE REDNER MIT DEN WERTVOLLSTEN INFORMATIONEN, DIE MAN SICH VORSTELLEN KANN! <\/span><br \/>\n<span style=\"color: #ff0000;\">Lassen Sie sich \u00fcberraschen!<\/span><\/p>\n<p style=\"text-align: center;\"><strong><span style=\"font-size: 12pt;\"><span style=\"color: #ff0000;\">Treffpunkt:<\/span> Josefplatz<\/span><\/strong><\/p>\n<p>&nbsp;<\/p>\n<p style=\"text-align: center;\">Nehmt bitte positive Transparente und Musikinstrumente mit oder was Euch wichtig ist.<\/p>\n<blockquote>\n<p style=\"text-align: center;\">\n<\/blockquote>\n","protected":false},"excerpt":{"rendered":"<p>Leben Lieben Lachen f\u00fcr uns und unsere Kinder Einladung zu einer DEMO f\u00fcr Selbstbestimmung und Freiheit der \u00f6sterreichischen Grundrechte am 06.06.2020 um 14:00 &#8211; 17:00 Uhr am Josefplatz HOCHINTERESSANTE REDNER MIT DEN WERTVOLLSTEN INFORMATIONEN, DIE MAN SICH VORSTELLEN KANN! Lassen Sie sich \u00fcberraschen! Treffpunkt: Josefplatz &nbsp; Nehmt bitte positive Transparente und Musikinstrumente mit oder was Euch wichtig ist.<\/p>\n","protected":false},"author":1002621,"featured_media":0,"template":"","meta":{"_tribe_events_status":"","_tribe_events_status_reason":"","footnotes":""},"tags":[],"tribe_events_cat":[325],"class_list":["post-12957","tribe_events","type-tribe_events","status-publish","hentry","tribe_events_cat-vortrag","cat_vortrag"],"_links":{"self":[{"href":"https:\/\/www.aegis.at\/wordpress\/wp-json\/wp\/v2\/tribe_events\/12957","targetHints":{"allow":["GET"]}}],"collection":[{"href":"https:\/\/www.aegis.at\/wordpress\/wp-json\/wp\/v2\/tribe_events"}],"about":[{"href":"https:\/\/www.aegis.at\/wordpress\/wp-json\/wp\/v2\/types\/tribe_events"}],"author":[{"embeddable":true,"href":"https:\/\/www.aegis.at\/wordpress\/wp-json\/wp\/v2\/users\/1002621"}],"version-history":[{"count":0,"href":"https:\/\/www.aegis.at\/wordpress\/wp-json\/wp\/v2\/tribe_events\/12957\/revisions"}],"wp:attachment":[{"href":"https:\/\/www.aegis.at\/wordpress\/wp-json\/wp\/v2\/media?parent=12957"}],"wp:term":[{"taxonomy":"post_tag","embeddable":true,"href":"https:\/\/www.aegis.at\/wordpress\/wp-json\/wp\/v2\/tags?post=12957"},{"taxonomy":"tribe_events_cat","embeddable":true,"href":"https:\/\/www.aegis.at\/wordpress\/wp-json\/wp\/v2\/tribe_events_cat?post=12957"}],"curies":[{"name":"wp","href":"https:\/\/api.w.org\/{rel}","templated":true}]}}

Hinweis auf eine DEMO in WIEN &#8211; Selbstbestimmung und Freiheit der österreichischen Grundrechte

<h1 style="text-align: center;">Leben Lieben Lachen für uns und unsere Kinder</h1>
<p style="text-align: center;"><strong><span style="font-size: 12pt;">Einladung zu einer DEMO<br />
</span></strong><strong><span style="font-size: 12pt;">für Selbstbestimmung und Freiheit der österreichischen Grundrechte</span></strong></p>
<p style="text-align: center;"><strong><span style="font-size: 12pt;">am 06.06.2020 um 14:00 &#8211; 17:00 Uhr</span></strong><br />
<strong><span style="font-size: 12pt;">am Josefplatz</span></strong></p>
<p style="text-align: center;"><span style="color: #ff0000;">HOCHINTERESSANTE REDNER MIT DEN WERTVOLLSTEN INFORMATIONEN, DIE MAN SICH VORSTELLEN KANN! </span><br />
<span style="color: #ff0000;">Lassen Sie sich überraschen!</span></p>
<p style="text-align: center;"><strong><span style="font-size: 12pt;"><span style="color: #ff0000;">Treffpunkt:</span> Josefplatz</span></strong></p>
<p>&nbsp;</p>
<p style="text-align: center;">Nehmt bitte positive Transparente und Musikinstrumente mit oder was Euch wichtig ist.</p>
<blockquote>
<p style="text-align: center;">
</blockquote>

<p>Leben Lieben Lachen für uns und unsere Kinder Einladung zu einer DEMO für Selbstbestimmung und Freiheit der österreichischen Grundrechte am 06.06.2020 um 14:00 &#8211; 17:00 Uhr am Josefplatz HOCHINTERESSANTE REDNER MIT DEN WERTVOLLSTEN INFORMATIONEN, DIE MAN SICH VORSTELLEN KANN! Lassen Sie sich überraschen! Treffpunkt: Josefplatz &nbsp; Nehmt bitte positive Transparente und Musikinstrumente mit oder was Euch wichtig ist.</p>
