{"id":12974,"date":"2019-05-15T08:48:50","date_gmt":"2019-05-15T07:48:50","guid":{"rendered":"https:\/\/www.aegis.at\/wordpress\/?post_type=tribe_events&#038;p=10140"},"modified":"2020-06-12T05:55:34","modified_gmt":"2020-06-12T04:55:34","slug":"vortrag-mit-daniel-trappitsch","status":"publish","type":"tribe_events","link":"https:\/\/www.aegis.at\/wordpress\/event\/vortrag-mit-daniel-trappitsch\/","title":{"rendered":"Vortrag mit Daniel Trappitsch &#8211; Impfen \u2013 was erwartet uns?"},"content":{"rendered":"<div class=\"\">\n<h3 id=\"ext-gen5433\" class=\"\" style=\"text-align: center;\">Vortrag von Daniel Trappitsch<br \/>\nam Fr, 19. Juni 2020 um 19:00 Uhr<br \/>\nim Hotel Plankenhof in A-6136 Pill bei Schwaz, Dorf 6.<\/h3>\n<p style=\"text-align: justify;\">\nImpfen ist gerade wieder in aller Munde, angeheizt durch Corona und die Aussage: &#8222;Normalit\u00e4t wird es erst wieder geben, wenn ein Impfstoff zur Verf\u00fcgung steht&#8220;. Man spricht inzwischen \u00fcber Zwangsimpfung und den Impfpass, der die Reisefreiheit und andere bisher gewohnte T\u00e4tigkeiten garantieren soll.<\/p>\n<p style=\"text-align: justify;\"><strong>Wie ist denn nun die Lage:<\/strong><\/p>\n<p style=\"text-align: justify; padding-left: 40px;\">\u2022 Was ist Corona und wie gef\u00e4hrlich ist es wirklich?<br \/>\n\u2022 Wird es eine Corona-Impfpflicht in \u00d6sterreich geben?<br \/>\n\u2022 Wie sinnvoll sind Impfungen (auch allgemein)?<br \/>\n\u2022 Was ist in den Impfstoffen und wie wirken diese?<br \/>\n\u2022 Gibt es Risiken, Nebenwirkungen?<br \/>\n\u2022 Wann ist eine Impfung sinnvoll?<br \/>\n\u2022 Muss ich impfen lassen?<br \/>\n\u2022 Was passiert, wenn ich meine Kinder und mich nicht impfen will?<br \/>\n\u2022 ???<\/p>\n<p style=\"text-align: justify;\">\nFragen \u00fcber Fragen zu einem umstrittenen und sensiblen Thema, greift es doch auch in die Pers\u00f6nlichkeitsrechte des Menschen ein. Doch es gibt fundierte Antworten aus der Erfahrung und Praxis von und mit Daniel Trappitsch, Naturheilpraktiker und Autor in der Schweiz, der sich im Netzwerk Impfentscheid engagiert. Auch andere Spezialisten<br \/>\nwerden zugegen sein.<\/p>\n<p style=\"text-align: justify;\"><strong>Weitere Infos zur Veranstaltung: <\/strong><\/p>\n<p style=\"text-align: justify;\">R\u00fcckfragen an Claudia Grander, Tel: 0680 4031770<br \/>\nAnmeldungen erbeten per E-Mail an info@autark-werden.at<br \/>\nEintritt frei, Spenden zur Deckung der Unkosten erw\u00fcnscht.<\/p>\n<\/div>\n","protected":false},"excerpt":{"rendered":"<p>Vortrag von Daniel Trappitsch am Fr, 19. Juni 2020 um 19:00 Uhr im Hotel Plankenhof in A-6136 Pill bei Schwaz, Dorf 6. Impfen ist gerade wieder in aller Munde, angeheizt durch Corona und die Aussage: &#8222;Normalit\u00e4t wird es erst wieder geben, wenn ein Impfstoff zur Verf\u00fcgung steht&#8220;. Man spricht inzwischen \u00fcber Zwangsimpfung und den Impfpass, der die Reisefreiheit und andere bisher gewohnte T\u00e4tigkeiten garantieren soll. Wie ist denn nun die Lage: \u2022 Was ist Corona und wie gef\u00e4hrlich ist es wirklich? \u2022 Wird es eine Corona-Impfpflicht in \u00d6sterreich geben? \u2022 Wie sinnvoll sind Impfungen (auch allgemein)? \u2022 Was ist in den Impfstoffen und wie wirken diese? \u2022 Gibt es Risiken, Nebenwirkungen? \u2022 Wann ist eine Impfung sinnvoll? \u2022 Muss ich impfen lassen? \u2022 Was passiert, wenn ich meine Kinder und mich nicht impfen will? \u2022 ??? Fragen \u00fcber Fragen zu einem umstrittenen und sensiblen Thema, greift es doch auch in die Pers\u00f6nlichkeitsrechte des Menschen ein. Doch es gibt fundierte Antworten aus der Erfahrung und Praxis von und mit Daniel Trappitsch, Naturheilpraktiker und Autor in der Schweiz, der sich im Netzwerk Impfentscheid engagiert. Auch andere Spezialisten werden zugegen sein. Weitere Infos zur Veranstaltung: R\u00fcckfragen an Claudia Grander, Tel: 0680 4031770 Anmeldungen erbeten per E-Mail an info@autark-werden.at Eintritt frei, Spenden zur Deckung der Unkosten erw\u00fcnscht.<\/p>\n","protected":false},"author":1002621,"featured_media":0,"template":"","meta":{"_tribe_events_status":"","_tribe_events_status_reason":"","footnotes":""},"tags":[],"tribe_events_cat":[325],"class_list":["post-12974","tribe_events","type-tribe_events","status-publish","hentry","tribe_events_cat-vortrag","cat_vortrag"],"_links":{"self":[{"href":"https:\/\/www.aegis.at\/wordpress\/wp-json\/wp\/v2\/tribe_events\/12974","targetHints":{"allow":["GET"]}}],"collection":[{"href":"https:\/\/www.aegis.at\/wordpress\/wp-json\/wp\/v2\/tribe_events"}],"about":[{"href":"https:\/\/www.aegis.at\/wordpress\/wp-json\/wp\/v2\/types\/tribe_events"}],"author":[{"embeddable":true,"href":"https:\/\/www.aegis.at\/wordpress\/wp-json\/wp\/v2\/users\/1002621"}],"version-history":[{"count":0,"href":"https:\/\/www.aegis.at\/wordpress\/wp-json\/wp\/v2\/tribe_events\/12974\/revisions"}],"wp:attachment":[{"href":"https:\/\/www.aegis.at\/wordpress\/wp-json\/wp\/v2\/media?parent=12974"}],"wp:term":[{"taxonomy":"post_tag","embeddable":true,"href":"https:\/\/www.aegis.at\/wordpress\/wp-json\/wp\/v2\/tags?post=12974"},{"taxonomy":"tribe_events_cat","embeddable":true,"href":"https:\/\/www.aegis.at\/wordpress\/wp-json\/wp\/v2\/tribe_events_cat?post=12974"}],"curies":[{"name":"wp","href":"https:\/\/api.w.org\/{rel}","templated":true}]}}

<div class="">
<h3 id="ext-gen5433" class="" style="text-align: center;">Vortrag von Daniel Trappitsch<br />
am Fr, 19. Juni 2020 um 19:00 Uhr<br />
im Hotel Plankenhof in A-6136 Pill bei Schwaz, Dorf 6.</h3>
<p style="text-align: justify;">
Impfen ist gerade wieder in aller Munde, angeheizt durch Corona und die Aussage: &#8222;Normalität wird es erst wieder geben, wenn ein Impfstoff zur Verfügung steht&#8220;. Man spricht inzwischen über Zwangsimpfung und den Impfpass, der die Reisefreiheit und andere bisher gewohnte Tätigkeiten garantieren soll.</p>
<p style="text-align: justify;"><strong>Wie ist denn nun die Lage:</strong></p>
<p style="text-align: justify; padding-left: 40px;">• Was ist Corona und wie gefährlich ist es wirklich?<br />
• Wird es eine Corona-Impfpflicht in Österreich geben?<br />
• Wie sinnvoll sind Impfungen (auch allgemein)?<br />
• Was ist in den Impfstoffen und wie wirken diese?<br />
• Gibt es Risiken, Nebenwirkungen?<br />
• Wann ist eine Impfung sinnvoll?<br />
• Muss ich impfen lassen?<br />
• Was passiert, wenn ich meine Kinder und mich nicht impfen will?<br />
• ???</p>
<p style="text-align: justify;">
Fragen über Fragen zu einem umstrittenen und sensiblen Thema, greift es doch auch in die Persönlichkeitsrechte des Menschen ein. Doch es gibt fundierte Antworten aus der Erfahrung und Praxis von und mit Daniel Trappitsch, Naturheilpraktiker und Autor in der Schweiz, der sich im Netzwerk Impfentscheid engagiert. Auch andere Spezialisten<br />
werden zugegen sein.</p>
<p style="text-align: justify;"><strong>Weitere Infos zur Veranstaltung: </strong></p>
<p style="text-align: justify;">Rückfragen an Claudia Grander, Tel: 0680 4031770<br />
Anmeldungen erbeten per E-Mail an info@autark-werden.at<br />
Eintritt frei, Spenden zur Deckung der Unkosten erwünscht.</p>
</div>

<p>Vortrag von Daniel Trappitsch am Fr, 19. Juni 2020 um 19:00 Uhr im Hotel Plankenhof in A-6136 Pill bei Schwaz, Dorf 6. Impfen ist gerade wieder in aller Munde, angeheizt durch Corona und die Aussage: &#8222;Normalität wird es erst wieder geben, wenn ein Impfstoff zur Verfügung steht&#8220;. Man spricht inzwischen über Zwangsimpfung und den Impfpass, der die Reisefreiheit und andere bisher gewohnte Tätigkeiten garantieren soll. Wie ist denn nun die Lage: • Was ist Corona und wie gefährlich ist es wirklich? • Wird es eine Corona-Impfpflicht in Österreich geben? • Wie sinnvoll sind Impfungen (auch allgemein)? • Was ist in den Impfstoffen und wie wirken diese? • Gibt es Risiken, Nebenwirkungen? • Wann ist eine Impfung sinnvoll? • Muss ich impfen lassen? • Was passiert, wenn ich meine Kinder und mich nicht impfen will? • ??? Fragen über Fragen zu einem umstrittenen und sensiblen Thema, greift es doch auch in die Persönlichkeitsrechte des Menschen ein. Doch es gibt fundierte Antworten aus der Erfahrung und Praxis von und mit Daniel Trappitsch, Naturheilpraktiker und Autor in der Schweiz, der sich im Netzwerk Impfentscheid engagiert. Auch andere Spezialisten werden zugegen sein. Weitere Infos zur Veranstaltung: Rückfragen an Claudia Grander, Tel: 0680 4031770 Anmeldungen erbeten per E-Mail an info@autark-werden.at Eintritt frei, Spenden zur Deckung der Unkosten erwünscht.</p>
