{"id":13008,"date":"2019-07-03T08:48:50","date_gmt":"2019-07-03T07:48:50","guid":{"rendered":"https:\/\/www.aegis.at\/wordpress\/?post_type=tribe_events&#038;p=10140"},"modified":"2020-07-03T06:55:55","modified_gmt":"2020-07-03T05:55:55","slug":"freitag-fuer-freiheit-3-7-2020-1700-uhr-linz-hauptplatz","status":"publish","type":"tribe_events","link":"https:\/\/www.aegis.at\/wordpress\/event\/freitag-fuer-freiheit-3-7-2020-1700-uhr-linz-hauptplatz\/","title":{"rendered":"Hinweis auf eine Veranstaltung: Freitag f\u00fcr Freiheit 3.7.2020 &#8211; 17:00 Uhr Linz \/ Hauptplatz"},"content":{"rendered":"<p style=\"font-weight: 400;\">Liebe Freunde,<\/p>\n<p style=\"font-weight: 400;\">aus Freitag f\u00fcr Freiheit wird: Fest f\u00fcr die Freiheit!<\/p>\n<p style=\"font-weight: 400;\">Wie bereits angek\u00fcndigt gibt es diesmal ein super Konzert mit der Band Akusitika und die Reden werden bewusst nur kurz sein.<\/p>\n<p style=\"font-weight: 400;\">Also: Alle Freunde mitnehmen, denn erinnert Euch: wann wart Ihr zuletzt auf einem Konzert? \u00a0&#8211; \u00a0und die Einladung an m\u00f6glichst viele weiterleiten und teilen!<\/p>\n<p>&nbsp;<\/p>\n<p>&nbsp;<\/p>\n<p style=\"font-weight: 400;\">Liebe Gr\u00fc\u00dfe<\/p>\n<p style=\"font-weight: 400;\">Euer Demo Linz-Team<\/p>\n<p style=\"font-weight: 400;\">eMail:\u00a0<u><a href=\"mailto:kontakt@demolinz.at\">kontakt@demolinz.at<\/a><\/u><\/p>\n","protected":false},"excerpt":{"rendered":"<p>Liebe Freunde, aus Freitag f\u00fcr Freiheit wird: Fest f\u00fcr die Freiheit! Wie bereits angek\u00fcndigt gibt es diesmal ein super Konzert mit der Band Akusitika und die Reden werden bewusst nur kurz sein. Also: Alle Freunde mitnehmen, denn erinnert Euch: wann wart Ihr zuletzt auf einem Konzert? \u00a0&#8211; \u00a0und die Einladung an m\u00f6glichst viele weiterleiten und teilen! &nbsp; &nbsp; Liebe Gr\u00fc\u00dfe Euer Demo Linz-Team eMail:\u00a0kontakt@demolinz.at<\/p>\n","protected":false},"author":1002621,"featured_media":13010,"template":"","meta":{"_tribe_events_status":"","_tribe_events_status_reason":"","footnotes":""},"tags":[],"tribe_events_cat":[325],"class_list":["post-13008","tribe_events","type-tribe_events","status-publish","has-post-thumbnail","hentry","tribe_events_cat-vortrag","cat_vortrag"],"_links":{"self":[{"href":"https:\/\/www.aegis.at\/wordpress\/wp-json\/wp\/v2\/tribe_events\/13008","targetHints":{"allow":["GET"]}}],"collection":[{"href":"https:\/\/www.aegis.at\/wordpress\/wp-json\/wp\/v2\/tribe_events"}],"about":[{"href":"https:\/\/www.aegis.at\/wordpress\/wp-json\/wp\/v2\/types\/tribe_events"}],"author":[{"embeddable":true,"href":"https:\/\/www.aegis.at\/wordpress\/wp-json\/wp\/v2\/users\/1002621"}],"version-history":[{"count":0,"href":"https:\/\/www.aegis.at\/wordpress\/wp-json\/wp\/v2\/tribe_events\/13008\/revisions"}],"wp:featuredmedia":[{"embeddable":true,"href":"https:\/\/www.aegis.at\/wordpress\/wp-json\/wp\/v2\/media\/13010"}],"wp:attachment":[{"href":"https:\/\/www.aegis.at\/wordpress\/wp-json\/wp\/v2\/media?parent=13008"}],"wp:term":[{"taxonomy":"post_tag","embeddable":true,"href":"https:\/\/www.aegis.at\/wordpress\/wp-json\/wp\/v2\/tags?post=13008"},{"taxonomy":"tribe_events_cat","embeddable":true,"href":"https:\/\/www.aegis.at\/wordpress\/wp-json\/wp\/v2\/tribe_events_cat?post=13008"}],"curies":[{"name":"wp","href":"https:\/\/api.w.org\/{rel}","templated":true}]}}

Hinweis auf eine Veranstaltung: Freitag für Freiheit 3.7.2020 &#8211; 17:00 Uhr Linz / Hauptplatz

<p style="font-weight: 400;">Liebe Freunde,</p>
<p style="font-weight: 400;">aus Freitag für Freiheit wird: Fest für die Freiheit!</p>
<p style="font-weight: 400;">Wie bereits angekündigt gibt es diesmal ein super Konzert mit der Band Akusitika und die Reden werden bewusst nur kurz sein.</p>
<p style="font-weight: 400;">Also: Alle Freunde mitnehmen, denn erinnert Euch: wann wart Ihr zuletzt auf einem Konzert?  &#8211;  und die Einladung an möglichst viele weiterleiten und teilen!</p>
<p>&nbsp;</p>
<p>&nbsp;</p>
<p style="font-weight: 400;">Liebe Grüße</p>
<p style="font-weight: 400;">Euer Demo Linz-Team</p>
<p style="font-weight: 400;">eMail: <u><a href="mailto:kontakt@demolinz.at">kontakt@demolinz.at</a></u></p>

<p>Liebe Freunde, aus Freitag für Freiheit wird: Fest für die Freiheit! Wie bereits angekündigt gibt es diesmal ein super Konzert mit der Band Akusitika und die Reden werden bewusst nur kurz sein. Also: Alle Freunde mitnehmen, denn erinnert Euch: wann wart Ihr zuletzt auf einem Konzert?  &#8211;  und die Einladung an möglichst viele weiterleiten und teilen! &nbsp; &nbsp; Liebe Grüße Euer Demo Linz-Team eMail: kontakt@demolinz.at</p>
