{"id":13052,"date":"2019-05-15T08:48:50","date_gmt":"2019-05-15T07:48:50","guid":{"rendered":"https:\/\/www.aegis.at\/wordpress\/?post_type=tribe_events&#038;p=10140"},"modified":"2020-08-19T09:57:00","modified_gmt":"2020-08-19T08:57:00","slug":"fest-fuer-die-freiheit-und-frieden-in-bregenz","status":"publish","type":"tribe_events","link":"https:\/\/www.aegis.at\/wordpress\/event\/fest-fuer-die-freiheit-und-frieden-in-bregenz\/","title":{"rendered":"Fest f\u00fcr die Freiheit und Frieden in Bregenz am 23.8.2020"},"content":{"rendered":"<p><strong>Bregenz: 23.8.2020\u00a0 \u00a0<\/strong><br \/>\n<strong>Fest f\u00fcr die Freiheit und Frieden<\/strong><\/p>\n<p>Abmarsch Kornmarkt\u00a0 12 Uhr , ab 12 Uhr auch ab Landhaus mit Traktoren, Motorr\u00e4der und Bussen f\u00fcr alle aus \u00d6sterreich, Schweiz, Liechtenstein und Deutschland<\/p>\n<p>Begr\u00fc\u00dfung am Festspielhaus\u00a0 14 Uhr<\/p>\n","protected":false},"excerpt":{"rendered":"<p>Bregenz: 23.8.2020\u00a0 \u00a0 Fest f\u00fcr die Freiheit und Frieden Abmarsch Kornmarkt\u00a0 12 Uhr , ab 12 Uhr auch ab Landhaus mit Traktoren, Motorr\u00e4der und Bussen f\u00fcr alle aus \u00d6sterreich, Schweiz, Liechtenstein und Deutschland Begr\u00fc\u00dfung am Festspielhaus\u00a0 14 Uhr<\/p>\n","protected":false},"author":1002621,"featured_media":0,"template":"","meta":{"_tribe_events_status":"","_tribe_events_status_reason":"","footnotes":""},"tags":[],"tribe_events_cat":[325],"class_list":["post-13052","tribe_events","type-tribe_events","status-publish","hentry","tribe_events_cat-vortrag","cat_vortrag"],"_links":{"self":[{"href":"https:\/\/www.aegis.at\/wordpress\/wp-json\/wp\/v2\/tribe_events\/13052","targetHints":{"allow":["GET"]}}],"collection":[{"href":"https:\/\/www.aegis.at\/wordpress\/wp-json\/wp\/v2\/tribe_events"}],"about":[{"href":"https:\/\/www.aegis.at\/wordpress\/wp-json\/wp\/v2\/types\/tribe_events"}],"author":[{"embeddable":true,"href":"https:\/\/www.aegis.at\/wordpress\/wp-json\/wp\/v2\/users\/1002621"}],"version-history":[{"count":0,"href":"https:\/\/www.aegis.at\/wordpress\/wp-json\/wp\/v2\/tribe_events\/13052\/revisions"}],"wp:attachment":[{"href":"https:\/\/www.aegis.at\/wordpress\/wp-json\/wp\/v2\/media?parent=13052"}],"wp:term":[{"taxonomy":"post_tag","embeddable":true,"href":"https:\/\/www.aegis.at\/wordpress\/wp-json\/wp\/v2\/tags?post=13052"},{"taxonomy":"tribe_events_cat","embeddable":true,"href":"https:\/\/www.aegis.at\/wordpress\/wp-json\/wp\/v2\/tribe_events_cat?post=13052"}],"curies":[{"name":"wp","href":"https:\/\/api.w.org\/{rel}","templated":true}]}}

Fest für die Freiheit und Frieden in Bregenz am 23.8.2020

<p><strong>Bregenz: 23.8.2020   </strong><br />
<strong>Fest für die Freiheit und Frieden</strong></p>
<p>Abmarsch Kornmarkt  12 Uhr , ab 12 Uhr auch ab Landhaus mit Traktoren, Motorräder und Bussen für alle aus Österreich, Schweiz, Liechtenstein und Deutschland</p>
<p>Begrüßung am Festspielhaus  14 Uhr</p>

<p>Bregenz: 23.8.2020    Fest für die Freiheit und Frieden Abmarsch Kornmarkt  12 Uhr , ab 12 Uhr auch ab Landhaus mit Traktoren, Motorräder und Bussen für alle aus Österreich, Schweiz, Liechtenstein und Deutschland Begrüßung am Festspielhaus  14 Uhr</p>
