{"id":13059,"date":"2019-05-15T08:48:50","date_gmt":"2019-05-15T07:48:50","guid":{"rendered":"https:\/\/www.aegis.at\/wordpress\/?post_type=tribe_events&#038;p=10140"},"modified":"2020-08-19T10:01:11","modified_gmt":"2020-08-19T09:01:11","slug":"demo-in-wien-2","status":"publish","type":"tribe_events","link":"https:\/\/www.aegis.at\/wordpress\/event\/demo-in-wien-2\/","title":{"rendered":"Demo in Wien 2020 am 26.9.2020"},"content":{"rendered":"<p>Demo Wien\u00a0 am 26. September 2020,<br \/>\nvon 13 bis 16 Uhr in Wien am Heldenplatz beim Erzherzog-Karl-Denkmal,<\/p>\n<p><strong>Ende der PLANdemie &#8211; Angstfrei durch Aufkl\u00e4rung &#8211; Fest f\u00fcr Frieden und Freiheit<\/strong><\/p>\n<p>Inge Rauscher, &#8222;Initiative Heimat &amp; Umwelt&#8220;,<br \/>\nPersonenkomitee f\u00fcr die Aufhebung aller Corona-Zwangsma\u00dfnahmen.<br \/>\n<a href=\"mailto:ihu@a1.net\">ihu@a1.net<\/a><br \/>\nTel. 02242\/70516 oder 0664\/425 19 35<\/p>\n<p><a href=\"http:\/\/www.1984.at\/\">www.1984.at<\/a><br \/>\n<a href=\"http:\/\/www.heimat-und-umwelt.at\/\">www.heimat-und-umwelt.at<\/a><br \/>\n<a href=\"http:\/\/www.animal-spirit.at\/\">www.animal-spirit.at<\/a><br \/>\n<a href=\"http:\/\/www.aegis.at\">www.aegis.at<\/a><\/p>\n","protected":false},"excerpt":{"rendered":"<p>Demo Wien\u00a0 am 26. September 2020, von 13 bis 16 Uhr in Wien am Heldenplatz beim Erzherzog-Karl-Denkmal, Ende der PLANdemie &#8211; Angstfrei durch Aufkl\u00e4rung &#8211; Fest f\u00fcr Frieden und Freiheit Inge Rauscher, &#8222;Initiative Heimat &amp; Umwelt&#8220;, Personenkomitee f\u00fcr die Aufhebung aller Corona-Zwangsma\u00dfnahmen. ihu@a1.net Tel. 02242\/70516 oder 0664\/425 19 35 www.1984.at www.heimat-und-umwelt.at www.animal-spirit.at www.aegis.at<\/p>\n","protected":false},"author":1002621,"featured_media":0,"template":"","meta":{"_tribe_events_status":"","_tribe_events_status_reason":"","footnotes":""},"tags":[],"tribe_events_cat":[325],"class_list":["post-13059","tribe_events","type-tribe_events","status-publish","hentry","tribe_events_cat-vortrag","cat_vortrag"],"_links":{"self":[{"href":"https:\/\/www.aegis.at\/wordpress\/wp-json\/wp\/v2\/tribe_events\/13059","targetHints":{"allow":["GET"]}}],"collection":[{"href":"https:\/\/www.aegis.at\/wordpress\/wp-json\/wp\/v2\/tribe_events"}],"about":[{"href":"https:\/\/www.aegis.at\/wordpress\/wp-json\/wp\/v2\/types\/tribe_events"}],"author":[{"embeddable":true,"href":"https:\/\/www.aegis.at\/wordpress\/wp-json\/wp\/v2\/users\/1002621"}],"version-history":[{"count":0,"href":"https:\/\/www.aegis.at\/wordpress\/wp-json\/wp\/v2\/tribe_events\/13059\/revisions"}],"wp:attachment":[{"href":"https:\/\/www.aegis.at\/wordpress\/wp-json\/wp\/v2\/media?parent=13059"}],"wp:term":[{"taxonomy":"post_tag","embeddable":true,"href":"https:\/\/www.aegis.at\/wordpress\/wp-json\/wp\/v2\/tags?post=13059"},{"taxonomy":"tribe_events_cat","embeddable":true,"href":"https:\/\/www.aegis.at\/wordpress\/wp-json\/wp\/v2\/tribe_events_cat?post=13059"}],"curies":[{"name":"wp","href":"https:\/\/api.w.org\/{rel}","templated":true}]}}

<p>Demo Wien  am 26. September 2020,<br />
von 13 bis 16 Uhr in Wien am Heldenplatz beim Erzherzog-Karl-Denkmal,</p>
<p><strong>Ende der PLANdemie &#8211; Angstfrei durch Aufklärung &#8211; Fest für Frieden und Freiheit</strong></p>
<p>Inge Rauscher, &#8222;Initiative Heimat &amp; Umwelt&#8220;,<br />
Personenkomitee für die Aufhebung aller Corona-Zwangsmaßnahmen.<br />
<a href="mailto:ihu@a1.net">ihu@a1.net</a><br />
Tel. 02242/70516 oder 0664/425 19 35</p>
<p><a href="http://www.1984.at/">www.1984.at</a><br />
<a href="http://www.heimat-und-umwelt.at/">www.heimat-und-umwelt.at</a><br />
<a href="http://www.animal-spirit.at/">www.animal-spirit.at</a><br />
<a href="http://www.aegis.at">www.aegis.at</a></p>

<p>Demo Wien  am 26. September 2020, von 13 bis 16 Uhr in Wien am Heldenplatz beim Erzherzog-Karl-Denkmal, Ende der PLANdemie &#8211; Angstfrei durch Aufklärung &#8211; Fest für Frieden und Freiheit Inge Rauscher, &#8222;Initiative Heimat &amp; Umwelt&#8220;, Personenkomitee für die Aufhebung aller Corona-Zwangsmaßnahmen. ihu@a1.net Tel. 02242/70516 oder 0664/425 19 35 www.1984.at www.heimat-und-umwelt.at www.animal-spirit.at www.aegis.at</p>
